{"id":5399,"date":"2026-01-20T08:08:10","date_gmt":"2026-01-20T07:08:10","guid":{"rendered":"https:\/\/spolecznajedynka.pl\/sp\/?page_id=5399"},"modified":"2026-01-20T08:16:47","modified_gmt":"2026-01-20T07:16:47","slug":"dlaczego-chcielismy-zmieniac-swiat","status":"publish","type":"page","link":"https:\/\/spolecznajedynka.pl\/sp\/dlaczego-chcielismy-zmieniac-swiat\/","title":{"rendered":"&#8222;Dlaczego chcieli\u015bmy zmienia\u0107 \u015bwiat?&#8221;"},"content":{"rendered":"<p><strong>Udzia\u0142 w projekcie Instytutu Dobrej Edukacji by\u0142 dla nas prawdziw\u0105 podr\u00f3\u017c\u0105 w czasie! Zapraszamy do zapoznania si\u0119 z unikatowymi opowie\u015bciami o pocz\u0105tkach Spo\u0142ecznej Jedynki.<\/strong><\/p>\n<hr \/>\n<p>Zmiany prze\u0142omu lat 80-tych i 90-tych umo\u017cliwi\u0142y powstanie edukacji nowej jako\u015bci &#8211; opartej na wsp\u00f3\u0142pracy, zaufaniu i uwa\u017cno\u015bci wobec potrzeb ucznia. Zebrali\u015bmy historie os\u00f3b, kt\u00f3rych determinacja, zaanga\u017cowanie i pomys\u0142owo\u015b\u0107 ukszta\u0142towa\u0142y nasz\u0105 szko\u0142\u0119.<\/p>\n<hr \/>\n<p>O tym, sk\u0105d wzi\u0105\u0142 si\u0119 pomys\u0142 na pierwsz\u0105 szko\u0142\u0119 spo\u0142eczn\u0105 w Poznaniu i o wyzwaniach w pierwszych latach dzia\u0142ania Spo\u0142ecznej Jedynki opowiada pani Katarzyna Kruszy\u0144ska, za\u0142o\u017cycielka naszej szko\u0142y:<\/p>\n<p><iframe loading=\"lazy\" title=\"YouTube video player\" src=\"https:\/\/www.youtube.com\/embed\/KmdP8IA1ulc?si=sm3kA0vgGpLz34db\" width=\"560\" height=\"315\" frameborder=\"0\" allowfullscreen=\"allowfullscreen\"><\/iframe><\/p>\n<hr \/>\n<p>O tym, jak wygl\u0105da\u0142a nauka w\u00a0 Spo\u0142ecznej Jedynce na pocz\u0105tku lat 90-tych opowiadaj\u0105 panie: Danuta Bare\u0142kowska, Katarzyna Geisler i Magdalena Schmidt.<\/p>\n<p><iframe loading=\"lazy\" title=\"YouTube video player\" src=\"https:\/\/www.youtube.com\/embed\/0KbF435tR08?si=nBV01vWl5-e9FzB1\" width=\"560\" height=\"315\" frameborder=\"0\" allowfullscreen=\"allowfullscreen\"><\/iframe><\/p>\n<hr \/>\n<a href=\"https:\/\/spolecznajedynka.pl\/sp\/wp-content\/uploads\/sites\/3\/2026\/01\/Spoleczna-Jedynka-w-Poznaniu-pierwsze-lata.docx.pdf\" class=\"pdfemb-viewer\" style=\"\" data-width=\"max\" data-height=\"max\" data-toolbar=\"bottom\" data-toolbar-fixed=\"off\">Spo\u0142eczna Jedynka w Poznaniu - pierwsze lata.docx<\/a>\n","protected":false},"excerpt":{"rendered":"<p>Udzia\u0142 w projekcie Instytutu Dobrej Edukacji by\u0142 dla nas prawdziw\u0105 podr\u00f3\u017c\u0105 w czasie! Zapraszamy do zapoznania si\u0119 z unikatowymi opowie\u015bciami&#8230;<\/p>\n","protected":false},"author":2,"featured_media":0,"parent":0,"menu_order":0,"comment_status":"closed","ping_status":"closed","template":"","meta":{"_acf_changed":false,"footnotes":""},"class_list":["post-5399","page","type-page","status-publish","hentry"],"acf":[],"yoast_head":"<!-- This site is optimized with the Yoast SEO plugin v27.5 - https:\/\/yoast.com\/product\/yoast-seo-wordpress\/ -->\n<title>&quot;Dlaczego chcieli\u015bmy zmienia\u0107 \u015bwiat?&quot; - Szko\u0142a Podstawowa<\/title>\n<meta name=\"robots\" content=\"index, follow, max-snippet:-1, max-image-preview:large, max-video-preview:-1\" \/>\n<link rel=\"canonical\" href=\"https:\/\/spolecznajedynka.pl\/sp\/dlaczego-chcielismy-zmieniac-swiat\/\" \/>\n<meta property=\"og:locale\" content=\"pl_PL\" \/>\n<meta property=\"og:type\" content=\"article\" \/>\n<meta property=\"og:title\" content=\"&quot;Dlaczego chcieli\u015bmy zmienia\u0107 \u015bwiat?&quot; - Szko\u0142a Podstawowa\" \/>\n<meta property=\"og:description\" content=\"Udzia\u0142 w projekcie Instytutu Dobrej Edukacji by\u0142 dla nas prawdziw\u0105 podr\u00f3\u017c\u0105 w czasie! Zapraszamy do zapoznania si\u0119 z unikatowymi opowie\u015bciami...\" \/>\n<meta property=\"og:url\" content=\"https:\/\/spolecznajedynka.pl\/sp\/dlaczego-chcielismy-zmieniac-swiat\/\" \/>\n<meta property=\"og:site_name\" content=\"Szko\u0142a Podstawowa\" \/>\n<meta property=\"article:publisher\" content=\"https:\/\/www.facebook.com\/spolecznajedynkapoznan\/\" \/>\n<meta property=\"article:modified_time\" content=\"2026-01-20T07:16:47+00:00\" \/>\n<meta name=\"twitter:card\" content=\"summary_large_image\" \/>\n<meta name=\"twitter:label1\" content=\"Szacowany czas czytania\" \/>\n\t<meta name=\"twitter:data1\" content=\"1 minuta\" \/>\n<script type=\"application\/ld+json\" class=\"yoast-schema-graph\">{\"@context\":\"https:\\\/\\\/schema.org\",\"@graph\":[{\"@type\":\"WebPage\",\"@id\":\"https:\\\/\\\/spolecznajedynka.pl\\\/sp\\\/dlaczego-chcielismy-zmieniac-swiat\\\/\",\"url\":\"https:\\\/\\\/spolecznajedynka.pl\\\/sp\\\/dlaczego-chcielismy-zmieniac-swiat\\\/\",\"name\":\"\\\"Dlaczego chcieli\u015bmy zmienia\u0107 \u015bwiat?\\\" - Szko\u0142a Podstawowa\",\"isPartOf\":{\"@id\":\"https:\\\/\\\/spolecznajedynka.pl\\\/sp\\\/#website\"},\"datePublished\":\"2026-01-20T07:08:10+00:00\",\"dateModified\":\"2026-01-20T07:16:47+00:00\",\"breadcrumb\":{\"@id\":\"https:\\\/\\\/spolecznajedynka.pl\\\/sp\\\/dlaczego-chcielismy-zmieniac-swiat\\\/#breadcrumb\"},\"inLanguage\":\"pl-PL\",\"potentialAction\":[{\"@type\":\"ReadAction\",\"target\":[\"https:\\\/\\\/spolecznajedynka.pl\\\/sp\\\/dlaczego-chcielismy-zmieniac-swiat\\\/\"]}]},{\"@type\":\"BreadcrumbList\",\"@id\":\"https:\\\/\\\/spolecznajedynka.pl\\\/sp\\\/dlaczego-chcielismy-zmieniac-swiat\\\/#breadcrumb\",\"itemListElement\":[{\"@type\":\"ListItem\",\"position\":1,\"name\":\"Strona g\u0142\u00f3wna\",\"item\":\"https:\\\/\\\/spolecznajedynka.pl\\\/sp\\\/\"},{\"@type\":\"ListItem\",\"position\":2,\"name\":\"&#8222;Dlaczego chcieli\u015bmy zmienia\u0107 \u015bwiat?&#8221;\"}]},{\"@type\":\"WebSite\",\"@id\":\"https:\\\/\\\/spolecznajedynka.pl\\\/sp\\\/#website\",\"url\":\"https:\\\/\\\/spolecznajedynka.pl\\\/sp\\\/\",\"name\":\"Szko\u0142a Podstawowa Spo\u0142eczna Jedynka Pozna\u0144\",\"description\":\"\",\"publisher\":{\"@id\":\"https:\\\/\\\/spolecznajedynka.pl\\\/sp\\\/#organization\"},\"potentialAction\":[{\"@type\":\"SearchAction\",\"target\":{\"@type\":\"EntryPoint\",\"urlTemplate\":\"https:\\\/\\\/spolecznajedynka.pl\\\/sp\\\/?s={search_term_string}\"},\"query-input\":{\"@type\":\"PropertyValueSpecification\",\"valueRequired\":true,\"valueName\":\"search_term_string\"}}],\"inLanguage\":\"pl-PL\"},{\"@type\":\"Organization\",\"@id\":\"https:\\\/\\\/spolecznajedynka.pl\\\/sp\\\/#organization\",\"name\":\"Szko\u0142a Podstawowa Spo\u0142eczna Jedynka Pozna\u0144\",\"url\":\"https:\\\/\\\/spolecznajedynka.pl\\\/sp\\\/\",\"logo\":{\"@type\":\"ImageObject\",\"inLanguage\":\"pl-PL\",\"@id\":\"https:\\\/\\\/spolecznajedynka.pl\\\/sp\\\/#\\\/schema\\\/logo\\\/image\\\/\",\"url\":\"https:\\\/\\\/spolecznajedynka.pl\\\/sp\\\/wp-content\\\/uploads\\\/sites\\\/3\\\/2023\\\/10\\\/logo.png\",\"contentUrl\":\"https:\\\/\\\/spolecznajedynka.pl\\\/sp\\\/wp-content\\\/uploads\\\/sites\\\/3\\\/2023\\\/10\\\/logo.png\",\"width\":75,\"height\":124,\"caption\":\"Szko\u0142a Podstawowa Spo\u0142eczna Jedynka Pozna\u0144\"},\"image\":{\"@id\":\"https:\\\/\\\/spolecznajedynka.pl\\\/sp\\\/#\\\/schema\\\/logo\\\/image\\\/\"},\"sameAs\":[\"https:\\\/\\\/www.facebook.com\\\/spolecznajedynkapoznan\\\/\",\"https:\\\/\\\/www.instagram.com\\\/spolecznajedynka\\\/\"]}]}<\/script>\n<!-- \/ Yoast SEO plugin. -->","yoast_head_json":{"title":"\"Dlaczego chcieli\u015bmy zmienia\u0107 \u015bwiat?\" - Szko\u0142a Podstawowa","robots":{"index":"index","follow":"follow","max-snippet":"max-snippet:-1","max-image-preview":"max-image-preview:large","max-video-preview":"max-video-preview:-1"},"canonical":"https:\/\/spolecznajedynka.pl\/sp\/dlaczego-chcielismy-zmieniac-swiat\/","og_locale":"pl_PL","og_type":"article","og_title":"\"Dlaczego chcieli\u015bmy zmienia\u0107 \u015bwiat?\" - Szko\u0142a Podstawowa","og_description":"Udzia\u0142 w projekcie Instytutu Dobrej Edukacji by\u0142 dla nas prawdziw\u0105 podr\u00f3\u017c\u0105 w czasie! Zapraszamy do zapoznania si\u0119 z unikatowymi opowie\u015bciami...","og_url":"https:\/\/spolecznajedynka.pl\/sp\/dlaczego-chcielismy-zmieniac-swiat\/","og_site_name":"Szko\u0142a Podstawowa","article_publisher":"https:\/\/www.facebook.com\/spolecznajedynkapoznan\/","article_modified_time":"2026-01-20T07:16:47+00:00","twitter_card":"summary_large_image","twitter_misc":{"Szacowany czas czytania":"1 minuta"},"schema":{"@context":"https:\/\/schema.org","@graph":[{"@type":"WebPage","@id":"https:\/\/spolecznajedynka.pl\/sp\/dlaczego-chcielismy-zmieniac-swiat\/","url":"https:\/\/spolecznajedynka.pl\/sp\/dlaczego-chcielismy-zmieniac-swiat\/","name":"\"Dlaczego chcieli\u015bmy zmienia\u0107 \u015bwiat?\" - Szko\u0142a Podstawowa","isPartOf":{"@id":"https:\/\/spolecznajedynka.pl\/sp\/#website"},"datePublished":"2026-01-20T07:08:10+00:00","dateModified":"2026-01-20T07:16:47+00:00","breadcrumb":{"@id":"https:\/\/spolecznajedynka.pl\/sp\/dlaczego-chcielismy-zmieniac-swiat\/#breadcrumb"},"inLanguage":"pl-PL","potentialAction":[{"@type":"ReadAction","target":["https:\/\/spolecznajedynka.pl\/sp\/dlaczego-chcielismy-zmieniac-swiat\/"]}]},{"@type":"BreadcrumbList","@id":"https:\/\/spolecznajedynka.pl\/sp\/dlaczego-chcielismy-zmieniac-swiat\/#breadcrumb","itemListElement":[{"@type":"ListItem","position":1,"name":"Strona g\u0142\u00f3wna","item":"https:\/\/spolecznajedynka.pl\/sp\/"},{"@type":"ListItem","position":2,"name":"&#8222;Dlaczego chcieli\u015bmy zmienia\u0107 \u015bwiat?&#8221;"}]},{"@type":"WebSite","@id":"https:\/\/spolecznajedynka.pl\/sp\/#website","url":"https:\/\/spolecznajedynka.pl\/sp\/","name":"Szko\u0142a Podstawowa Spo\u0142eczna Jedynka Pozna\u0144","description":"","publisher":{"@id":"https:\/\/spolecznajedynka.pl\/sp\/#organization"},"potentialAction":[{"@type":"SearchAction","target":{"@type":"EntryPoint","urlTemplate":"https:\/\/spolecznajedynka.pl\/sp\/?s={search_term_string}"},"query-input":{"@type":"PropertyValueSpecification","valueRequired":true,"valueName":"search_term_string"}}],"inLanguage":"pl-PL"},{"@type":"Organization","@id":"https:\/\/spolecznajedynka.pl\/sp\/#organization","name":"Szko\u0142a Podstawowa Spo\u0142eczna Jedynka Pozna\u0144","url":"https:\/\/spolecznajedynka.pl\/sp\/","logo":{"@type":"ImageObject","inLanguage":"pl-PL","@id":"https:\/\/spolecznajedynka.pl\/sp\/#\/schema\/logo\/image\/","url":"https:\/\/spolecznajedynka.pl\/sp\/wp-content\/uploads\/sites\/3\/2023\/10\/logo.png","contentUrl":"https:\/\/spolecznajedynka.pl\/sp\/wp-content\/uploads\/sites\/3\/2023\/10\/logo.png","width":75,"height":124,"caption":"Szko\u0142a Podstawowa Spo\u0142eczna Jedynka Pozna\u0144"},"image":{"@id":"https:\/\/spolecznajedynka.pl\/sp\/#\/schema\/logo\/image\/"},"sameAs":["https:\/\/www.facebook.com\/spolecznajedynkapoznan\/","https:\/\/www.instagram.com\/spolecznajedynka\/"]}]}},"_links":{"self":[{"href":"https:\/\/spolecznajedynka.pl\/sp\/wp-json\/wp\/v2\/pages\/5399","targetHints":{"allow":["GET"]}}],"collection":[{"href":"https:\/\/spolecznajedynka.pl\/sp\/wp-json\/wp\/v2\/pages"}],"about":[{"href":"https:\/\/spolecznajedynka.pl\/sp\/wp-json\/wp\/v2\/types\/page"}],"author":[{"embeddable":true,"href":"https:\/\/spolecznajedynka.pl\/sp\/wp-json\/wp\/v2\/users\/2"}],"replies":[{"embeddable":true,"href":"https:\/\/spolecznajedynka.pl\/sp\/wp-json\/wp\/v2\/comments?post=5399"}],"version-history":[{"count":3,"href":"https:\/\/spolecznajedynka.pl\/sp\/wp-json\/wp\/v2\/pages\/5399\/revisions"}],"predecessor-version":[{"id":5403,"href":"https:\/\/spolecznajedynka.pl\/sp\/wp-json\/wp\/v2\/pages\/5399\/revisions\/5403"}],"wp:attachment":[{"href":"https:\/\/spolecznajedynka.pl\/sp\/wp-json\/wp\/v2\/media?parent=5399"}],"curies":[{"name":"wp","href":"https:\/\/api.w.org\/{rel}","templated":true}]}}

&#8222;Dlaczego chcieliśmy zmieniać świat?&#8221;

<p><strong>Udział w projekcie Instytutu Dobrej Edukacji był dla nas prawdziwą podróżą w czasie! Zapraszamy do zapoznania się z unikatowymi opowieściami o początkach Społecznej Jedynki.</strong></p>
<hr />
<p>Zmiany przełomu lat 80-tych i 90-tych umożliwiły powstanie edukacji nowej jakości &#8211; opartej na współpracy, zaufaniu i uważności wobec potrzeb ucznia. Zebraliśmy historie osób, których determinacja, zaangażowanie i pomysłowość ukształtowały naszą szkołę.</p>
<hr />
<p>O tym, skąd wziął się pomysł na pierwszą szkołę społeczną w Poznaniu i o wyzwaniach w pierwszych latach działania Społecznej Jedynki opowiada pani Katarzyna Kruszyńska, założycielka naszej szkoły:</p>
<p><iframe loading="lazy" title="YouTube video player" src="https://www.youtube.com/embed/KmdP8IA1ulc?si=sm3kA0vgGpLz34db" width="560" height="315" frameborder="0" allowfullscreen="allowfullscreen"></iframe></p>
<hr />
<p>O tym, jak wyglądała nauka w  Społecznej Jedynce na początku lat 90-tych opowiadają panie: Danuta Barełkowska, Katarzyna Geisler i Magdalena Schmidt.</p>
<p><iframe loading="lazy" title="YouTube video player" src="https://www.youtube.com/embed/0KbF435tR08?si=nBV01vWl5-e9FzB1" width="560" height="315" frameborder="0" allowfullscreen="allowfullscreen"></iframe></p>
<hr />
<a href="https://spolecznajedynka.pl/sp/wp-content/uploads/sites/3/2026/01/Spoleczna-Jedynka-w-Poznaniu-pierwsze-lata.docx.pdf" class="pdfemb-viewer" style="" data-width="max" data-height="max" data-toolbar="bottom" data-toolbar-fixed="off">Społeczna Jedynka w Poznaniu - pierwsze lata.docx</a>

<p>Udział w projekcie Instytutu Dobrej Edukacji był dla nas prawdziwą podróżą w czasie! Zapraszamy do zapoznania się z unikatowymi opowieściami&#8230;</p>

<!-- This site is optimized with the Yoast SEO plugin v27.5 - https://yoast.com/product/yoast-seo-wordpress/ -->
<title>&quot;Dlaczego chcieliśmy zmieniać świat?&quot; - Szkoła Podstawowa</title>
<meta name="robots" content="index, follow, max-snippet:-1, max-image-preview:large, max-video-preview:-1" />
<link rel="canonical" href="https://spolecznajedynka.pl/sp/dlaczego-chcielismy-zmieniac-swiat/" />
<meta property="og:locale" content="pl_PL" />
<meta property="og:type" content="article" />
<meta property="og:title" content="&quot;Dlaczego chcieliśmy zmieniać świat?&quot; - Szkoła Podstawowa" />
<meta property="og:description" content="Udział w projekcie Instytutu Dobrej Edukacji był dla nas prawdziwą podróżą w czasie! Zapraszamy do zapoznania się z unikatowymi opowieściami..." />
<meta property="og:url" content="https://spolecznajedynka.pl/sp/dlaczego-chcielismy-zmieniac-swiat/" />
<meta property="og:site_name" content="Szkoła Podstawowa" />
<meta property="article:publisher" content="https://www.facebook.com/spolecznajedynkapoznan/" />
<meta property="article:modified_time" content="2026-01-20T07:16:47+00:00" />
<meta name="twitter:card" content="summary_large_image" />
<meta name="twitter:label1" content="Szacowany czas czytania" />
	<meta name="twitter:data1" content="1 minuta" />
<script type="application/ld+json" class="yoast-schema-graph">{"@context":"https:\/\/schema.org","@graph":[{"@type":"WebPage","@id":"https:\/\/spolecznajedynka.pl\/sp\/dlaczego-chcielismy-zmieniac-swiat\/","url":"https:\/\/spolecznajedynka.pl\/sp\/dlaczego-chcielismy-zmieniac-swiat\/","name":"\"Dlaczego chcieliśmy zmieniać świat?\" - Szkoła Podstawowa","isPartOf":{"@id":"https:\/\/spolecznajedynka.pl\/sp\/#website"},"datePublished":"2026-01-20T07:08:10+00:00","dateModified":"2026-01-20T07:16:47+00:00","breadcrumb":{"@id":"https:\/\/spolecznajedynka.pl\/sp\/dlaczego-chcielismy-zmieniac-swiat\/#breadcrumb"},"inLanguage":"pl-PL","potentialAction":[{"@type":"ReadAction","target":["https:\/\/spolecznajedynka.pl\/sp\/dlaczego-chcielismy-zmieniac-swiat\/"]}]},{"@type":"BreadcrumbList","@id":"https:\/\/spolecznajedynka.pl\/sp\/dlaczego-chcielismy-zmieniac-swiat\/#breadcrumb","itemListElement":[{"@type":"ListItem","position":1,"name":"Strona główna","item":"https:\/\/spolecznajedynka.pl\/sp\/"},{"@type":"ListItem","position":2,"name":"&#8222;Dlaczego chcieliśmy zmieniać świat?&#8221;"}]},{"@type":"WebSite","@id":"https:\/\/spolecznajedynka.pl\/sp\/#website","url":"https:\/\/spolecznajedynka.pl\/sp\/","name":"Szkoła Podstawowa Społeczna Jedynka Poznań","description":"","publisher":{"@id":"https:\/\/spolecznajedynka.pl\/sp\/#organization"},"potentialAction":[{"@type":"SearchAction","target":{"@type":"EntryPoint","urlTemplate":"https:\/\/spolecznajedynka.pl\/sp\/?s={search_term_string}"},"query-input":{"@type":"PropertyValueSpecification","valueRequired":true,"valueName":"search_term_string"}}],"inLanguage":"pl-PL"},{"@type":"Organization","@id":"https:\/\/spolecznajedynka.pl\/sp\/#organization","name":"Szkoła Podstawowa Społeczna Jedynka Poznań","url":"https:\/\/spolecznajedynka.pl\/sp\/","logo":{"@type":"ImageObject","inLanguage":"pl-PL","@id":"https:\/\/spolecznajedynka.pl\/sp\/#\/schema\/logo\/image\/","url":"https:\/\/spolecznajedynka.pl\/sp\/wp-content\/uploads\/sites\/3\/2023\/10\/logo.png","contentUrl":"https:\/\/spolecznajedynka.pl\/sp\/wp-content\/uploads\/sites\/3\/2023\/10\/logo.png","width":75,"height":124,"caption":"Szkoła Podstawowa Społeczna Jedynka Poznań"},"image":{"@id":"https:\/\/spolecznajedynka.pl\/sp\/#\/schema\/logo\/image\/"},"sameAs":["https:\/\/www.facebook.com\/spolecznajedynkapoznan\/","https:\/\/www.instagram.com\/spolecznajedynka\/"]}]}</script>
<!-- / Yoast SEO plugin. -->

"Dlaczego chcieliśmy zmieniać świat?" - Szkoła Podstawowa

Udział w projekcie Instytutu Dobrej Edukacji był dla nas prawdziwą podróżą w czasie! Zapraszamy do zapoznania się z unikatowymi opowieściami...

Szkoła Podstawowa

Strona główna

Szkoła Podstawowa Społeczna Jedynka Poznań
