{"id":1095,"date":"2024-06-18T21:35:16","date_gmt":"2024-06-18T19:35:16","guid":{"rendered":"https:\/\/spolecznajedynka.pl\/lo\/?page_id=1095"},"modified":"2024-06-18T21:35:16","modified_gmt":"2024-06-18T19:35:16","slug":"zdjecie-do-legitymacji","status":"publish","type":"page","link":"https:\/\/spolecznajedynka.pl\/lo\/zdjecie-do-legitymacji\/","title":{"rendered":"Zdj\u0119cie do legitymacji"},"content":{"rendered":"<div>Zgodnie z rozporz\u0105dzeniem Ministra Edukacji i Nauki z dnia 7 czerwca 2023 r. w sprawie \u015bwiadectw, dyplom\u00f3w pa\u0144stwowych i innych druk\u00f3w (Dz. U. 2023 poz. 1120) zobowi\u0105zani jeste\u015bmy do wprowadzenia nowych plastikowych legitymacji szkolnych, kt\u00f3re b\u0119d\u0105 zar\u00f3wno: legitymacj\u0105, kart\u0105 wej\u015bciow\u0105 i kart\u0105 biblioteczn\u0105.\u00a0 Z tego powodu zwracamy si\u0119 do Pa\u0144stwa z pro\u015bb\u0105 o przes\u0142anie fotografii za pomoc\u0105 formularza (tu link:\u00a0<a href=\"https:\/\/forms.gle\/Ue1gtWZn5NjKAuQp9\" target=\"_blank\" rel=\"noopener\" data-saferedirecturl=\"https:\/\/www.google.com\/url?q=https:\/\/forms.gle\/Ue1gtWZn5NjKAuQp9&amp;source=gmail&amp;ust=1718817425389000&amp;usg=AOvVaw2C7qC8fQn6T68UVfaC73pk\">https:\/\/forms.gle\/<wbr \/>Ue1gtWZn5NjKAuQp9<\/a>).<\/p>\n<\/div>\n<div>Podpisane, kolorowe zdj\u0119cia uczni\u00f3w o wymiarach 26 mm wysoko\u015bci x 19 mm szeroko\u015bci\u00a0nale\u017cy przes\u0142a\u0107 w formacie JPG o minimalnej rozdzielczo\u015bci 150 dpi, maksymalna wielko\u015b\u0107\u00a0do 500 kB.<\/div>\n<div><\/div>\n","protected":false},"excerpt":{"rendered":"<p>Zgodnie z rozporz\u0105dzeniem Ministra Edukacji i Nauki z dnia 7 czerwca 2023 r. w sprawie \u015bwiadectw, dyplom\u00f3w pa\u0144stwowych i innych&#8230;<\/p>\n","protected":false},"author":2,"featured_media":0,"parent":0,"menu_order":0,"comment_status":"closed","ping_status":"closed","template":"","meta":{"_acf_changed":false,"footnotes":""},"class_list":["post-1095","page","type-page","status-publish","hentry"],"acf":[],"yoast_head":"<!-- This site is optimized with the Yoast SEO plugin v27.4 - https:\/\/yoast.com\/product\/yoast-seo-wordpress\/ -->\n<title>Zdj\u0119cie do legitymacji - Spo\u0142eczne Liceum Og\u00f3lnokszta\u0142c\u0105ce nr 1 w Poznaniu<\/title>\n<meta name=\"robots\" content=\"index, follow, max-snippet:-1, max-image-preview:large, max-video-preview:-1\" \/>\n<link rel=\"canonical\" href=\"https:\/\/spolecznajedynka.pl\/lo\/zdjecie-do-legitymacji\/\" \/>\n<meta property=\"og:locale\" content=\"pl_PL\" \/>\n<meta property=\"og:type\" content=\"article\" \/>\n<meta property=\"og:title\" content=\"Zdj\u0119cie do legitymacji - Spo\u0142eczne Liceum Og\u00f3lnokszta\u0142c\u0105ce nr 1 w Poznaniu\" \/>\n<meta property=\"og:description\" content=\"Zgodnie z rozporz\u0105dzeniem Ministra Edukacji i Nauki z dnia 7 czerwca 2023 r. w sprawie \u015bwiadectw, dyplom\u00f3w pa\u0144stwowych i innych...\" \/>\n<meta property=\"og:url\" content=\"https:\/\/spolecznajedynka.pl\/lo\/zdjecie-do-legitymacji\/\" \/>\n<meta property=\"og:site_name\" content=\"Spo\u0142eczne Liceum Og\u00f3lnokszta\u0142c\u0105ce nr 1 w Poznaniu\" \/>\n<meta property=\"article:publisher\" content=\"https:\/\/www.facebook.com\/p\/Liceum-Spoeczna-Jedynka-Pozna-100082885224687\" \/>\n<meta name=\"twitter:card\" content=\"summary_large_image\" \/>\n<meta name=\"twitter:label1\" content=\"Szacowany czas czytania\" \/>\n\t<meta name=\"twitter:data1\" content=\"1 minuta\" \/>\n<script type=\"application\/ld+json\" class=\"yoast-schema-graph\">{\"@context\":\"https:\\\/\\\/schema.org\",\"@graph\":[{\"@type\":\"WebPage\",\"@id\":\"https:\\\/\\\/spolecznajedynka.pl\\\/lo\\\/zdjecie-do-legitymacji\\\/\",\"url\":\"https:\\\/\\\/spolecznajedynka.pl\\\/lo\\\/zdjecie-do-legitymacji\\\/\",\"name\":\"Zdj\u0119cie do legitymacji - Spo\u0142eczne Liceum Og\u00f3lnokszta\u0142c\u0105ce nr 1 w Poznaniu\",\"isPartOf\":{\"@id\":\"https:\\\/\\\/spolecznajedynka.pl\\\/lo\\\/#website\"},\"datePublished\":\"2024-06-18T19:35:16+00:00\",\"breadcrumb\":{\"@id\":\"https:\\\/\\\/spolecznajedynka.pl\\\/lo\\\/zdjecie-do-legitymacji\\\/#breadcrumb\"},\"inLanguage\":\"pl-PL\",\"potentialAction\":[{\"@type\":\"ReadAction\",\"target\":[\"https:\\\/\\\/spolecznajedynka.pl\\\/lo\\\/zdjecie-do-legitymacji\\\/\"]}]},{\"@type\":\"BreadcrumbList\",\"@id\":\"https:\\\/\\\/spolecznajedynka.pl\\\/lo\\\/zdjecie-do-legitymacji\\\/#breadcrumb\",\"itemListElement\":[{\"@type\":\"ListItem\",\"position\":1,\"name\":\"Strona g\u0142\u00f3wna\",\"item\":\"https:\\\/\\\/spolecznajedynka.pl\\\/lo\\\/\"},{\"@type\":\"ListItem\",\"position\":2,\"name\":\"Zdj\u0119cie do legitymacji\"}]},{\"@type\":\"WebSite\",\"@id\":\"https:\\\/\\\/spolecznajedynka.pl\\\/lo\\\/#website\",\"url\":\"https:\\\/\\\/spolecznajedynka.pl\\\/lo\\\/\",\"name\":\"Spo\u0142eczne Liceum Og\u00f3lnokszta\u0142c\u0105ce nr 1 w Poznaniu\",\"description\":\"\",\"publisher\":{\"@id\":\"https:\\\/\\\/spolecznajedynka.pl\\\/lo\\\/#organization\"},\"potentialAction\":[{\"@type\":\"SearchAction\",\"target\":{\"@type\":\"EntryPoint\",\"urlTemplate\":\"https:\\\/\\\/spolecznajedynka.pl\\\/lo\\\/?s={search_term_string}\"},\"query-input\":{\"@type\":\"PropertyValueSpecification\",\"valueRequired\":true,\"valueName\":\"search_term_string\"}}],\"inLanguage\":\"pl-PL\"},{\"@type\":\"Organization\",\"@id\":\"https:\\\/\\\/spolecznajedynka.pl\\\/lo\\\/#organization\",\"name\":\"Spo\u0142eczne Liceum Og\u00f3lnokszta\u0142c\u0105ce nr 1 w Poznaniu\",\"url\":\"https:\\\/\\\/spolecznajedynka.pl\\\/lo\\\/\",\"logo\":{\"@type\":\"ImageObject\",\"inLanguage\":\"pl-PL\",\"@id\":\"https:\\\/\\\/spolecznajedynka.pl\\\/lo\\\/#\\\/schema\\\/logo\\\/image\\\/\",\"url\":\"https:\\\/\\\/spolecznajedynka.pl\\\/lo\\\/wp-content\\\/uploads\\\/sites\\\/2\\\/2023\\\/08\\\/logo-lo.png\",\"contentUrl\":\"https:\\\/\\\/spolecznajedynka.pl\\\/lo\\\/wp-content\\\/uploads\\\/sites\\\/2\\\/2023\\\/08\\\/logo-lo.png\",\"width\":651,\"height\":355,\"caption\":\"Spo\u0142eczne Liceum Og\u00f3lnokszta\u0142c\u0105ce nr 1 w Poznaniu\"},\"image\":{\"@id\":\"https:\\\/\\\/spolecznajedynka.pl\\\/lo\\\/#\\\/schema\\\/logo\\\/image\\\/\"},\"sameAs\":[\"https:\\\/\\\/www.facebook.com\\\/p\\\/Liceum-Spoeczna-Jedynka-Pozna-100082885224687\",\"https:\\\/\\\/www.instagram.com\\\/spolecznajedynka\\\/\",\"https:\\\/\\\/www.tiktok.com\\\/@lospoleczna1\"]}]}<\/script>\n<!-- \/ Yoast SEO plugin. -->","yoast_head_json":{"title":"Zdj\u0119cie do legitymacji - Spo\u0142eczne Liceum Og\u00f3lnokszta\u0142c\u0105ce nr 1 w Poznaniu","robots":{"index":"index","follow":"follow","max-snippet":"max-snippet:-1","max-image-preview":"max-image-preview:large","max-video-preview":"max-video-preview:-1"},"canonical":"https:\/\/spolecznajedynka.pl\/lo\/zdjecie-do-legitymacji\/","og_locale":"pl_PL","og_type":"article","og_title":"Zdj\u0119cie do legitymacji - Spo\u0142eczne Liceum Og\u00f3lnokszta\u0142c\u0105ce nr 1 w Poznaniu","og_description":"Zgodnie z rozporz\u0105dzeniem Ministra Edukacji i Nauki z dnia 7 czerwca 2023 r. w sprawie \u015bwiadectw, dyplom\u00f3w pa\u0144stwowych i innych...","og_url":"https:\/\/spolecznajedynka.pl\/lo\/zdjecie-do-legitymacji\/","og_site_name":"Spo\u0142eczne Liceum Og\u00f3lnokszta\u0142c\u0105ce nr 1 w Poznaniu","article_publisher":"https:\/\/www.facebook.com\/p\/Liceum-Spoeczna-Jedynka-Pozna-100082885224687","twitter_card":"summary_large_image","twitter_misc":{"Szacowany czas czytania":"1 minuta"},"schema":{"@context":"https:\/\/schema.org","@graph":[{"@type":"WebPage","@id":"https:\/\/spolecznajedynka.pl\/lo\/zdjecie-do-legitymacji\/","url":"https:\/\/spolecznajedynka.pl\/lo\/zdjecie-do-legitymacji\/","name":"Zdj\u0119cie do legitymacji - Spo\u0142eczne Liceum Og\u00f3lnokszta\u0142c\u0105ce nr 1 w Poznaniu","isPartOf":{"@id":"https:\/\/spolecznajedynka.pl\/lo\/#website"},"datePublished":"2024-06-18T19:35:16+00:00","breadcrumb":{"@id":"https:\/\/spolecznajedynka.pl\/lo\/zdjecie-do-legitymacji\/#breadcrumb"},"inLanguage":"pl-PL","potentialAction":[{"@type":"ReadAction","target":["https:\/\/spolecznajedynka.pl\/lo\/zdjecie-do-legitymacji\/"]}]},{"@type":"BreadcrumbList","@id":"https:\/\/spolecznajedynka.pl\/lo\/zdjecie-do-legitymacji\/#breadcrumb","itemListElement":[{"@type":"ListItem","position":1,"name":"Strona g\u0142\u00f3wna","item":"https:\/\/spolecznajedynka.pl\/lo\/"},{"@type":"ListItem","position":2,"name":"Zdj\u0119cie do legitymacji"}]},{"@type":"WebSite","@id":"https:\/\/spolecznajedynka.pl\/lo\/#website","url":"https:\/\/spolecznajedynka.pl\/lo\/","name":"Spo\u0142eczne Liceum Og\u00f3lnokszta\u0142c\u0105ce nr 1 w Poznaniu","description":"","publisher":{"@id":"https:\/\/spolecznajedynka.pl\/lo\/#organization"},"potentialAction":[{"@type":"SearchAction","target":{"@type":"EntryPoint","urlTemplate":"https:\/\/spolecznajedynka.pl\/lo\/?s={search_term_string}"},"query-input":{"@type":"PropertyValueSpecification","valueRequired":true,"valueName":"search_term_string"}}],"inLanguage":"pl-PL"},{"@type":"Organization","@id":"https:\/\/spolecznajedynka.pl\/lo\/#organization","name":"Spo\u0142eczne Liceum Og\u00f3lnokszta\u0142c\u0105ce nr 1 w Poznaniu","url":"https:\/\/spolecznajedynka.pl\/lo\/","logo":{"@type":"ImageObject","inLanguage":"pl-PL","@id":"https:\/\/spolecznajedynka.pl\/lo\/#\/schema\/logo\/image\/","url":"https:\/\/spolecznajedynka.pl\/lo\/wp-content\/uploads\/sites\/2\/2023\/08\/logo-lo.png","contentUrl":"https:\/\/spolecznajedynka.pl\/lo\/wp-content\/uploads\/sites\/2\/2023\/08\/logo-lo.png","width":651,"height":355,"caption":"Spo\u0142eczne Liceum Og\u00f3lnokszta\u0142c\u0105ce nr 1 w Poznaniu"},"image":{"@id":"https:\/\/spolecznajedynka.pl\/lo\/#\/schema\/logo\/image\/"},"sameAs":["https:\/\/www.facebook.com\/p\/Liceum-Spoeczna-Jedynka-Pozna-100082885224687","https:\/\/www.instagram.com\/spolecznajedynka\/","https:\/\/www.tiktok.com\/@lospoleczna1"]}]}},"_links":{"self":[{"href":"https:\/\/spolecznajedynka.pl\/lo\/wp-json\/wp\/v2\/pages\/1095","targetHints":{"allow":["GET"]}}],"collection":[{"href":"https:\/\/spolecznajedynka.pl\/lo\/wp-json\/wp\/v2\/pages"}],"about":[{"href":"https:\/\/spolecznajedynka.pl\/lo\/wp-json\/wp\/v2\/types\/page"}],"author":[{"embeddable":true,"href":"https:\/\/spolecznajedynka.pl\/lo\/wp-json\/wp\/v2\/users\/2"}],"replies":[{"embeddable":true,"href":"https:\/\/spolecznajedynka.pl\/lo\/wp-json\/wp\/v2\/comments?post=1095"}],"version-history":[{"count":1,"href":"https:\/\/spolecznajedynka.pl\/lo\/wp-json\/wp\/v2\/pages\/1095\/revisions"}],"predecessor-version":[{"id":1096,"href":"https:\/\/spolecznajedynka.pl\/lo\/wp-json\/wp\/v2\/pages\/1095\/revisions\/1096"}],"wp:attachment":[{"href":"https:\/\/spolecznajedynka.pl\/lo\/wp-json\/wp\/v2\/media?parent=1095"}],"curies":[{"name":"wp","href":"https:\/\/api.w.org\/{rel}","templated":true}]}}

Zdjęcie do legitymacji

<div>Zgodnie z rozporządzeniem Ministra Edukacji i Nauki z dnia 7 czerwca 2023 r. w sprawie świadectw, dyplomów państwowych i innych druków (Dz. U. 2023 poz. 1120) zobowiązani jesteśmy do wprowadzenia nowych plastikowych legitymacji szkolnych, które będą zarówno: legitymacją, kartą wejściową i kartą biblioteczną.  Z tego powodu zwracamy się do Państwa z prośbą o przesłanie fotografii za pomocą formularza (tu link: <a href="https://forms.gle/Ue1gtWZn5NjKAuQp9" target="_blank" rel="noopener" data-saferedirecturl="https://www.google.com/url?q=https://forms.gle/Ue1gtWZn5NjKAuQp9&amp;source=gmail&amp;ust=1718817425389000&amp;usg=AOvVaw2C7qC8fQn6T68UVfaC73pk">https://forms.gle/<wbr />Ue1gtWZn5NjKAuQp9</a>).</p>
</div>
<div>Podpisane, kolorowe zdjęcia uczniów o wymiarach 26 mm wysokości x 19 mm szerokości należy przesłać w formacie JPG o minimalnej rozdzielczości 150 dpi, maksymalna wielkość do 500 kB.</div>
<div></div>

<p>Zgodnie z rozporządzeniem Ministra Edukacji i Nauki z dnia 7 czerwca 2023 r. w sprawie świadectw, dyplomów państwowych i innych&#8230;</p>

<!-- This site is optimized with the Yoast SEO plugin v27.4 - https://yoast.com/product/yoast-seo-wordpress/ -->
<title>Zdjęcie do legitymacji - Społeczne Liceum Ogólnokształcące nr 1 w Poznaniu</title>
<meta name="robots" content="index, follow, max-snippet:-1, max-image-preview:large, max-video-preview:-1" />
<link rel="canonical" href="https://spolecznajedynka.pl/lo/zdjecie-do-legitymacji/" />
<meta property="og:locale" content="pl_PL" />
<meta property="og:type" content="article" />
<meta property="og:title" content="Zdjęcie do legitymacji - Społeczne Liceum Ogólnokształcące nr 1 w Poznaniu" />
<meta property="og:description" content="Zgodnie z rozporządzeniem Ministra Edukacji i Nauki z dnia 7 czerwca 2023 r. w sprawie świadectw, dyplomów państwowych i innych..." />
<meta property="og:url" content="https://spolecznajedynka.pl/lo/zdjecie-do-legitymacji/" />
<meta property="og:site_name" content="Społeczne Liceum Ogólnokształcące nr 1 w Poznaniu" />
<meta property="article:publisher" content="https://www.facebook.com/p/Liceum-Spoeczna-Jedynka-Pozna-100082885224687" />
<meta name="twitter:card" content="summary_large_image" />
<meta name="twitter:label1" content="Szacowany czas czytania" />
	<meta name="twitter:data1" content="1 minuta" />
<script type="application/ld+json" class="yoast-schema-graph">{"@context":"https:\/\/schema.org","@graph":[{"@type":"WebPage","@id":"https:\/\/spolecznajedynka.pl\/lo\/zdjecie-do-legitymacji\/","url":"https:\/\/spolecznajedynka.pl\/lo\/zdjecie-do-legitymacji\/","name":"Zdjęcie do legitymacji - Społeczne Liceum Ogólnokształcące nr 1 w Poznaniu","isPartOf":{"@id":"https:\/\/spolecznajedynka.pl\/lo\/#website"},"datePublished":"2024-06-18T19:35:16+00:00","breadcrumb":{"@id":"https:\/\/spolecznajedynka.pl\/lo\/zdjecie-do-legitymacji\/#breadcrumb"},"inLanguage":"pl-PL","potentialAction":[{"@type":"ReadAction","target":["https:\/\/spolecznajedynka.pl\/lo\/zdjecie-do-legitymacji\/"]}]},{"@type":"BreadcrumbList","@id":"https:\/\/spolecznajedynka.pl\/lo\/zdjecie-do-legitymacji\/#breadcrumb","itemListElement":[{"@type":"ListItem","position":1,"name":"Strona główna","item":"https:\/\/spolecznajedynka.pl\/lo\/"},{"@type":"ListItem","position":2,"name":"Zdjęcie do legitymacji"}]},{"@type":"WebSite","@id":"https:\/\/spolecznajedynka.pl\/lo\/#website","url":"https:\/\/spolecznajedynka.pl\/lo\/","name":"Społeczne Liceum Ogólnokształcące nr 1 w Poznaniu","description":"","publisher":{"@id":"https:\/\/spolecznajedynka.pl\/lo\/#organization"},"potentialAction":[{"@type":"SearchAction","target":{"@type":"EntryPoint","urlTemplate":"https:\/\/spolecznajedynka.pl\/lo\/?s={search_term_string}"},"query-input":{"@type":"PropertyValueSpecification","valueRequired":true,"valueName":"search_term_string"}}],"inLanguage":"pl-PL"},{"@type":"Organization","@id":"https:\/\/spolecznajedynka.pl\/lo\/#organization","name":"Społeczne Liceum Ogólnokształcące nr 1 w Poznaniu","url":"https:\/\/spolecznajedynka.pl\/lo\/","logo":{"@type":"ImageObject","inLanguage":"pl-PL","@id":"https:\/\/spolecznajedynka.pl\/lo\/#\/schema\/logo\/image\/","url":"https:\/\/spolecznajedynka.pl\/lo\/wp-content\/uploads\/sites\/2\/2023\/08\/logo-lo.png","contentUrl":"https:\/\/spolecznajedynka.pl\/lo\/wp-content\/uploads\/sites\/2\/2023\/08\/logo-lo.png","width":651,"height":355,"caption":"Społeczne Liceum Ogólnokształcące nr 1 w Poznaniu"},"image":{"@id":"https:\/\/spolecznajedynka.pl\/lo\/#\/schema\/logo\/image\/"},"sameAs":["https:\/\/www.facebook.com\/p\/Liceum-Spoeczna-Jedynka-Pozna-100082885224687","https:\/\/www.instagram.com\/spolecznajedynka\/","https:\/\/www.tiktok.com\/@lospoleczna1"]}]}</script>
<!-- / Yoast SEO plugin. -->

Zdjęcie do legitymacji - Społeczne Liceum Ogólnokształcące nr 1 w Poznaniu

Zgodnie z rozporządzeniem Ministra Edukacji i Nauki z dnia 7 czerwca 2023 r. w sprawie świadectw, dyplomów państwowych i innych...

Społeczne Liceum Ogólnokształcące nr 1 w Poznaniu

Strona główna
