{"id":2,"date":"2023-10-06T11:48:21","date_gmt":"2023-10-06T09:48:21","guid":{"rendered":"https:\/\/zarzadzanie.smarthost.pl\/sp1\/biblioteka\/?page_id=2"},"modified":"2023-10-09T09:13:40","modified_gmt":"2023-10-09T07:13:40","slug":"przykladowa-strona","status":"publish","type":"page","link":"https:\/\/spolecznajedynka.pl\/biblioteka\/","title":{"rendered":"Strona g\u0142\u00f3wna"},"content":{"rendered":"<p><section class=\"kc-elm kc_row\"><div class=\"kc-row-container  kc-container\"><div class=\"kc-wrap-columns\"><div class=\"kc-elm kc_column kc_col-sm-12\"><div class=\"kc-col-container\">\n<div class=\"kc-elm kc-title-wrap \">\n\n\t<h1 class=\"kc_title\">The Title<\/h1>\n<\/div>\n<\/div><\/div><\/div><\/div><\/section><section class=\"kc-elm kc_row\"><div class=\"kc-row-container  kc-container\"><div class=\"kc-wrap-columns\"><div class=\"kc-elm kc_column kc_col-sm-12\"><div class=\"kc-col-container\"><div class=\"kc-elm kc-raw-code\">Sample Code<\/div><\/div><\/div><\/div><\/div><\/section><section class=\"kc-elm kc_row\"><div class=\"kc-row-container  kc-container\"><div class=\"kc-wrap-columns\"><div class=\"kc-elm kc_column kc_col-sm-12\"><div class=\"kc-col-container\"><div class=\"kc-elm kc_shortcode kc_single_image\">\n\n        <img decoding=\"async\" src=\"https:\/\/spolecznajedynka.pl\/biblioteka\/wp-content\/plugins\/kingcomposer\/assets\/images\/get_start.jpg\" class=\"kc_image_empty\" alt=\"\" \/>    <\/div>\n<\/div><\/div><div class=\"kc-elm kc_column kc_col-sm-12\"><div class=\"kc-col-container\"><div class=\"kc-elm\" style=\"height: 20px; clear: both; width:100%;\"><\/div>\n<div class=\"kc-elm kc-title-wrap \">\n\n\t<h1 class=\"kc_title\">The Title<\/h1>\n<\/div>\n<div class=\"kc-elm\" style=\"height: 20px; clear: both; width:100%;\"><\/div><div class=\"kc-elm kc_text_block\"><\/p>\n<ul>\n<li>Poszukiwany dobry tytu\u0142?<\/li>\n<li>Poszukiwana interesuj\u0105ca ksi\u0105\u017cka?<\/li>\n<li>Poszukiwany ciekawy bohater?<\/li>\n<li>Poszukiwana niebanalna fabu\u0142a?<\/li>\n<li>Poszukiwany znany autor?<\/li>\n<\/ul>\n<p>Je\u015bli jeste\u015b czytelnikiem\u00a0<strong>poszukuj\u0105cym,<\/strong>\u00a0to trafi\u0142e\u015b na w\u0142a\u015bciw\u0105 stron\u0119. Mo\u017cesz penetrowa\u0107 zbiory biblioteczne\u00a0<em>on line<\/em>\u00a0ale jeszcze lepiej b\u0119dzie jak przyjdziesz do naszej kolorowej, szkolnej biblioteki. Czeka tam na Ciebie prawie 30 tys. ksi\u0105\u017cek. Bogaty ksi\u0119gozbi\u00f3r uwzgl\u0119dnia upodobania i\u00a0potrzeby wszystkich czytelnik\u00f3w \u2013 tych ma\u0142ych i\u00a0du\u017cych, dzieci i\u00a0doros\u0142ych. Zale\u017cy nam, by nasza oferta by\u0142a aktualna, urozmaicona i\u00a0systematycznie poszerzana o\u00a0nowo\u015bci ukazuj\u0105ce si\u0119 na rynku ksi\u0119garskim.<\/p>\n<p>\n<\/div><div class=\"kc-elm\" style=\"height: 20px; clear: both; width:100%;\"><\/div><div class=\"kc-elm kc_text_block\"><\/p>\n<p>Przyjd\u017a i przekonaj si\u0119 sam. Zapraszamy codziennie <strong>w godzinach 7.00 \u2013 16.00.<\/strong><\/p>\n<p>\n<\/div><\/div><\/div><\/div><\/div><\/section><section class=\"kc-elm kc_row\"><div class=\"kc-row-container  kc-container\"><div class=\"kc-wrap-columns\"><div class=\"kc-elm kc_column kc_col-sm-12\"><div class=\"kc-col-container\">\n<div class=\"kc-elm kc-title-wrap \">\n\n\t<h1 class=\"kc_title\">The Title<\/h1>\n<\/div>\n<\/div><\/div><div class=\"kc-elm kc_column kc_col-sm-12\"><div class=\"kc-col-container\"><div class=\"kc-elm kc_text_block\"><\/p>\n<p>Spo\u0142eczna Jedynka to miejsce, w kt\u00f3rym wysoki poziom nauczania, innowacje technologiczne oraz projekty mi\u0119dzynarodowe id\u0105 w parze z atmosfer\u0105 \u017cyczliwo\u015bci i szacunkiem dla indywidualnych potrzeb uczni\u00f3w.<\/p>\n<p>Budujemy wspieraj\u0105c\u0105 si\u0119 spo\u0142eczno\u015b\u0107 i zapewniamy bezpieczne miejsce dla rozwijania talent\u00f3w, nawi\u0105zywania bliskich przyja\u017ani i nauki \u017cycia w spo\u0142ecze\u0144stwie.<\/p>\n<p>O tym, \u017ce nasza metoda jest skuteczna m\u00f3wi nam trzydzie\u015bci lat do\u015bwiadczenia, wysokie wyniki egzamin\u00f3w &#8211; a przede wszystkim pokolenia szcz\u0119\u015bliwych absolwent\u00f3w!<\/p>\n<p>\n<\/div><\/div><\/div><\/div><\/div><\/section><section class=\"kc-elm kc_row\"><div class=\"kc-row-container  kc-container\"><div class=\"kc-wrap-columns\"><div class=\"kc-elm kc_column kc_col-sm-12\"><div class=\"kc-col-container\"><div data-open-on-mouseover=\"\" data-tab-active=\"1\" data-effect-option=\"\" class=\"kc-elm kc_tabs group\">\n\t<div class=\"kc_wrapper ui-tabs kc_clearfix\">\n\t\t<ul class=\"kc_tabs_nav ui-tabs-nav kc_clearfix\">\n\t\t\t<li><a href=\"#\" data-prevent=\"scroll\"><\/a><\/li><li><a href=\"#\" data-prevent=\"scroll\"><\/a><\/li><li><a href=\"#\" data-prevent=\"scroll\"><\/a><\/li>\t\t<\/ul>\n\t\t<div id=\"new-tab\" class=\"kc-elm kc_tab ui-tabs-panel kc_ui-tabs-hide kc_clearfix \"><div class=\"kc_tab_content\"><div class=\"kc-elm kc_text_block\"><\/p>\n<p><span style=\\\"font-weight: 400;\\\">Spo\u0142eczna Jedynka to miejsce, w kt\u00f3rym wysoki poziom nauczania id\u0105 w parze z atmosfer\u0105 \u017cyczliwo\u015bci i szacunkiem dla indywidualnych potrzeb uczni\u00f3w.<\/span><\/p>\n<p><span style=\\\"font-weight: 400;\\\">O tym, \u017ce nasza metoda jest skuteczna m\u00f3wi nam trzydzie\u015bci lat do\u015bwiadczenia, wysokie wyniki egzamin\u00f3w &#8211; a przede wszystkim pokolenia szcz\u0119\u015bliwych absolwent\u00f3w!<\/span><\/p>\n<p>\n<\/div><\/div><\/div><div id=\"new-tab\" class=\"kc-elm kc_tab ui-tabs-panel kc_ui-tabs-hide kc_clearfix \"><div class=\"kc_tab_content\"><div class=\"kc-elm kc_text_block\"><\/p>\n<p><span style=\\\"font-weight: 400;\\\">Z powodzeniem \u0142\u0105czymy tradycyjne warto\u015bci z tym, co w dydaktyce nowe i \u015bwie\u017ce.<\/span><\/p>\n<p><span style=\\\"font-weight: 400;\\\">Nasz\u0105 codzienno\u015bci\u0105 s\u0105 projekty mi\u0119dzynarodowe, innowacje technologiczne i lekcje pe\u0142ne nowatorskich pomys\u0142\u00f3w.<\/span><\/p>\n<p>\n<\/div><\/div><\/div><div id=\"new-tab\" class=\"kc-elm kc_tab ui-tabs-panel kc_ui-tabs-hide kc_clearfix \"><div class=\"kc_tab_content\"><div class=\"kc-elm kc_text_block\"><\/p>\n<p><span style=\\\"font-weight: 400;\\\">Prawdziw\u0105 si\u0142\u0105 Spo\u0142ecznej Jedynki jest wspieraj\u0105ca spo\u0142eczno\u015b\u0107, kt\u00f3r\u0105 tworz\u0105 uczniowie, ich rodzice i pracownicy szko\u0142y.<\/span><\/p>\n<p><span style=\\\"font-weight: 400;\\\">Dzi\u0119ki temu tworzymy bezpieczne miejsce dla rozwijania talent\u00f3w, nawi\u0105zywania bliskich przyja\u017ani i nauki \u017cycia w spo\u0142ecze\u0144stwie.<\/span><\/p>\n<p>\n<\/div><\/div><\/div>\t<\/div>\n<\/div>\n\n\n<\/div><\/div><\/div><\/div><\/section><section class=\"kc-elm kc_row\"><div class=\"kc-row-container  kc-container\"><div class=\"kc-wrap-columns\"><div class=\"kc-elm kc_column kc_col-sm-12\"><div class=\"kc-col-container\">\n<div class=\"kc-elm kc-title-wrap \">\n\n\t<h1 class=\"kc_title\">The Title<\/h1>\n<\/div>\n<div class=\"kc-elm\" style=\"height: 20px; clear: both; width:100%;\"><\/div><div class=\"kc-elm kc_text_block\"><\/p>\n<ul class=\"kategorie-lista\">\n<li class=\"cat-item cat-item-1\"><a href=\"https:\/\/spolecznajedynka.pl\/biblioteka\/k\/bez-kategorii\/\">Bez kategorii<\/a>\n<\/li>\n<li class=\"cat-item cat-item-7\"><a href=\"https:\/\/spolecznajedynka.pl\/biblioteka\/k\/ksiazki\/\">Ksi\u0105\u017cki<\/a>\n<\/li>\n<li class=\"cat-item cat-item-4\"><a href=\"https:\/\/spolecznajedynka.pl\/biblioteka\/k\/wydarzenia\/\">Wydarzenia<\/a>\n<ul class='children'>\n<li class=\"cat-item cat-item-6\"><a href=\"https:\/\/spolecznajedynka.pl\/biblioteka\/k\/wydarzenia\/grupa-cdn\/\">Grupa CDN.<\/a>\n<\/li>\n<li class=\"cat-item cat-item-5\"><a href=\"https:\/\/spolecznajedynka.pl\/biblioteka\/k\/wydarzenia\/spotkania-autorskie\/\">Spotkania autorskie<\/a>\n<\/li>\n<\/ul>\n<\/li>\n<\/ul>\n<p>\n<\/div><div class=\"kc-elm\" style=\"height: 20px; clear: both; width:100%;\"><\/div><div class=\"kc-elm kc-raw-code\">Sample Code<\/div><div class=\"kc-elm\" style=\"height: 20px; clear: both; width:100%;\"><\/div><div class=\"kc-elm kc_text_block\"><\/p>\n<p><a href=\\\"https:\/\/spolecznajedynka.pl\/biblioteka\/aktualnosci\/\\\">wi\u0119cej aktualno\u015bci<\/a><\/p>\n<p>\n<\/div><\/div><\/div><\/div><\/div><\/section><section class=\"kc-elm kc_row\"><div class=\"kc-row-container  kc-container\"><div class=\"kc-wrap-columns\"><div class=\"kc-elm kc_column kc_col-sm-12\"><div class=\"kc-col-container\">\n<div class=\"kc-elm kc-title-wrap \">\n\n\t<h1 class=\"kc_title\">The Title<\/h1>\n<\/div>\n<div class=\"kc-elm\" style=\"height: 20px; clear: both; width:100%;\"><\/div><div class=\"kc-elm kc-raw-code\">Sample Code<\/div><div class=\"kc-elm\" style=\"height: 20px; clear: both; width:100%;\"><\/div><div class=\"kc-elm kc_text_block\"><\/p>\n<p><a href=\\\"terminarz\\\">zobacz ca\u0142y terminarz<\/a><\/p>\n<p>\n<\/div><\/div><\/div><\/div><\/div><\/section><section class=\"kc-elm kc_row\"><div class=\"kc-row-container  kc-container\"><div class=\"kc-wrap-columns\"><div class=\"kc-elm kc_column kc_col-sm-12\"><div class=\"kc-col-container\">\n<div class=\"kc-elm kc-title-wrap \">\n\n\t<h1 class=\"kc_title\">The Title<\/h1>\n<\/div>\n<div class=\"kc-elm\" style=\"height: 20px; clear: both; width:100%;\"><\/div><div class=\"kc-elm kc_row kc_row_inner\"><div class=\"kc-elm kc_column_inner kc_col-sm-12\"><div class=\"kc_wrapper kc-col-inner-container\"><div class=\"kc-elm kc-feature-boxes kc-fb-layout-1\">\n\n\t<div class=\"content-icon\"><i class=\"et-envelope\"><\/i><\/div><div class=\"content-title\">Text Title<\/div><div class=\"content-desc\">Lorem Ipsum is simply dummy text of the printing and typesetting industry.<\/div><div class=\"content-button\"><a href=\"#\" target=\"_self\" title=\"\">Read more<\/a><\/div>\n<\/div>\n<\/div><\/div><div class=\"kc-elm kc_column_inner kc_col-sm-12\"><div class=\"kc_wrapper kc-col-inner-container\"><div class=\"kc-elm kc-feature-boxes kc-fb-layout-1\">\n\n\t<div class=\"content-icon\"><i class=\"et-envelope\"><\/i><\/div><div class=\"content-title\">Text Title<\/div><div class=\"content-desc\">Lorem Ipsum is simply dummy text of the printing and typesetting industry.<\/div><div class=\"content-button\"><a href=\"#\" target=\"_self\" title=\"\">Read more<\/a><\/div>\n<\/div>\n<\/div><\/div><div class=\"kc-elm kc_column_inner kc_col-sm-12\"><div class=\"kc_wrapper kc-col-inner-container\"><div class=\"kc-elm kc-feature-boxes kc-fb-layout-1\">\n\n\t<div class=\"content-icon\"><i class=\"et-envelope\"><\/i><\/div><div class=\"content-title\">Text Title<\/div><div class=\"content-desc\">Lorem Ipsum is simply dummy text of the printing and typesetting industry.<\/div><div class=\"content-button\"><a href=\"#\" target=\"_self\" title=\"\">Read more<\/a><\/div>\n<\/div>\n<\/div><\/div><\/div><div class=\"kc-elm\" style=\"height: 20px; clear: both; width:100%;\"><\/div><div class=\"kc-elm kc_row kc_row_inner\"><div class=\"kc-elm kc_column_inner kc_col-sm-12\"><div class=\"kc_wrapper kc-col-inner-container\"><div class=\"kc-elm kc-feature-boxes kc-fb-layout-1\">\n\n\t<div class=\"content-icon\"><i class=\"et-envelope\"><\/i><\/div><div class=\"content-title\">Text Title<\/div><div class=\"content-desc\">Lorem Ipsum is simply dummy text of the printing and typesetting industry.<\/div><div class=\"content-button\"><a href=\"#\" target=\"_self\" title=\"\">Read more<\/a><\/div>\n<\/div>\n<\/div><\/div><div class=\"kc-elm kc_column_inner kc_col-sm-12\"><div class=\"kc_wrapper kc-col-inner-container\"><div class=\"kc-elm kc-feature-boxes kc-fb-layout-1\">\n\n\t<div class=\"content-icon\"><i class=\"et-envelope\"><\/i><\/div><div class=\"content-title\">Text Title<\/div><div class=\"content-desc\">Lorem Ipsum is simply dummy text of the printing and typesetting industry.<\/div><div class=\"content-button\"><a href=\"#\" target=\"_self\" title=\"\">Read more<\/a><\/div>\n<\/div>\n<\/div><\/div><div class=\"kc-elm kc_column_inner kc_col-sm-12\"><div class=\"kc_wrapper kc-col-inner-container\"><div class=\"kc-elm kc-feature-boxes kc-fb-layout-1\">\n\n\t<div class=\"content-icon\"><i class=\"et-envelope\"><\/i><\/div><div class=\"content-title\">Text Title<\/div><div class=\"content-desc\">Lorem Ipsum is simply dummy text of the printing and typesetting industry.<\/div><div class=\"content-button\"><a href=\"#\" target=\"_self\" title=\"\">Read more<\/a><\/div>\n<\/div>\n<\/div><\/div><\/div><\/div><\/div><\/div><\/div><\/section><section class=\"kc-elm kc_row\"><div class=\"kc-row-container  kc-container\"><div class=\"kc-wrap-columns\"><div class=\"kc-elm kc_column kc_col-sm-12\"><div class=\"kc-col-container\"><div class=\"kc-elm kc_shortcode kc_single_image\">\n\n        <img decoding=\"async\" src=\"https:\/\/spolecznajedynka.pl\/biblioteka\/wp-content\/plugins\/kingcomposer\/assets\/images\/get_start.jpg\" class=\"kc_image_empty\" alt=\"\" \/>    <\/div>\n<\/div><\/div><div class=\"kc-elm kc_column kc_col-sm-12\"><div class=\"kc-col-container\"><div class=\"kc-elm\" style=\"height: 20px; clear: both; width:100%;\"><\/div>\n<div class=\"kc-elm kc-title-wrap \">\n\n\t<h1 class=\"kc_title\">The Title<\/h1>\n<\/div>\n<div class=\"kc-elm\" style=\"height: 20px; clear: both; width:100%;\"><\/div><div class=\"kc-elm kc_text_block\"><\/p>\n<p><span style=\\\"font-weight: 400;\\\">Czy zastanawiali\u015bcie si\u0119 kiedy\u015b, jak to jest by\u0107 uczniem w szkole za granic\u0105, otoczonym zupe\u0142nie innym \u015brodowiskiem, j\u0119zykiem i kultur\u0105? Dla uczni\u00f3w Spo\u0142ecznej Jedynki to nie to realna mo\u017cliwo\u015b\u0107 dzi\u0119ki naszej akredytacji w programie Erasmus, kt\u00f3ry otwiera drzwi do mi\u0119dzynarodowej przygody edukacyjnej.<\/span><\/p>\n<p>\n<\/div><div class=\"kc-elm\" style=\"height: 20px; clear: both; width:100%;\"><\/div><div class=\"kc-elm kc_text_block\"><\/p>\n<p><a href=\\\"https:\/\/spolecznajedynka.pl\/lo\/projekty-miedzynarodowe\/\\\">Dowiedz si\u0119 wi\u0119cej<\/a><\/p>\n<p>\n<\/div><\/div><\/div><\/div><\/div><\/section><section class=\"kc-elm kc_row\"><div class=\"kc-row-container  kc-container\"><div class=\"kc-wrap-columns\"><div class=\"kc-elm kc_column kc_col-sm-12\"><div class=\"kc-col-container\">\n<div class=\"kc-elm kc-title-wrap \">\n\n\t<h1 class=\"kc_title\">The Title<\/h1>\n<\/div>\n<div class=\"kc-elm\" style=\"height: 20px; clear: both; width:100%;\"><\/div><div class=\"kc-elm kc-raw-code\">Sample Code<\/div><\/div><\/div><\/div><\/div><\/section><section class=\"kc-elm kc_row\"><div class=\"kc-row-container  kc-container\"><div class=\"kc-wrap-columns\"><div class=\"kc-elm kc_column kc_col-sm-12\"><div class=\"kc-col-container\">\n<div class=\"kc-elm kc-title-wrap \">\n\n\t<h1 class=\"kc_title\">The Title<\/h1>\n<\/div>\n<div class=\"kc-elm\" style=\"height: 20px; clear: both; width:100%;\"><\/div><div class=\"kc-elm kc_text_block\"><\/p>\n<p>Wejd\u017a do katalogu klikaj\u0105c na poni\u017cszy przycisk:<\/p>\n<p>\n<\/div><div class=\"kc-elm\" style=\"height: 20px; clear: both; width:100%;\"><\/div>\n<div class=\"kc-elm\">\n\t<a class=\"kc_button\" href=\"#\" onclick=\"\">\n\t\tText Button\t<\/a>\n<\/div>\n<\/div><\/div><\/div><\/div><\/section><section class=\"kc-elm kc_row\"><div class=\"kc-row-container  kc-container\"><div class=\"kc-wrap-columns\"><div class=\"kc-elm kc_column kc_col-sm-12\"><div class=\"kc-col-container\"><\/div><\/div><div class=\"kc-elm kc_column kc_col-sm-12\"><div class=\"kc-col-container\"><div class=\"kc-carousel_images align-center\" style=\"border:1px dashed #ccc;\"><br \/><h3>Carousel Images: No images upload<\/h3><\/div><\/div><\/div><div class=\"kc-elm kc_column kc_col-sm-12\"><div class=\"kc-col-container\"><\/div><\/div><\/div><\/div><\/section><\/p>\n","protected":false},"excerpt":{"rendered":"","protected":false},"author":2,"featured_media":0,"parent":0,"menu_order":0,"comment_status":"closed","ping_status":"closed","template":"","meta":{"_acf_changed":false,"footnotes":""},"class_list":["post-2","page","type-page","status-publish","hentry"],"acf":[],"yoast_head":"<!-- This site is optimized with the Yoast SEO plugin v27.5 - https:\/\/yoast.com\/product\/yoast-seo-wordpress\/ -->\n<title>Strona g\u0142\u00f3wna - Biblioteka Spo\u0142ecznej Jedynki<\/title>\n<meta name=\"robots\" content=\"index, follow, max-snippet:-1, max-image-preview:large, max-video-preview:-1\" \/>\n<link rel=\"canonical\" href=\"https:\/\/spolecznajedynka.pl\/biblioteka\/\" \/>\n<meta property=\"og:locale\" content=\"pl_PL\" \/>\n<meta property=\"og:type\" content=\"article\" \/>\n<meta property=\"og:title\" content=\"Strona g\u0142\u00f3wna - Biblioteka Spo\u0142ecznej Jedynki\" \/>\n<meta property=\"og:description\" content=\"The Title Sample Code The Title Poszukiwany dobry tytu\u0142? Poszukiwana interesuj\u0105ca ksi\u0105\u017cka? Poszukiwany ciekawy bohater? Poszukiwana niebanalna fabu\u0142a? Poszukiwany znany...\" \/>\n<meta property=\"og:url\" content=\"https:\/\/spolecznajedynka.pl\/biblioteka\/\" \/>\n<meta property=\"og:site_name\" content=\"Biblioteka Spo\u0142ecznej Jedynki\" \/>\n<meta property=\"article:modified_time\" content=\"2023-10-09T07:13:40+00:00\" \/>\n<meta property=\"og:image\" content=\"https:\/\/spolecznajedynka.pl\/biblioteka\/wp-content\/uploads\/sites\/4\/2023\/10\/biblioteka.jpg\" \/>\n<meta name=\"twitter:card\" content=\"summary_large_image\" \/>\n<meta name=\"twitter:label1\" content=\"Szacowany czas czytania\" \/>\n\t<meta name=\"twitter:data1\" content=\"5 minut\" \/>\n<script type=\"application\/ld+json\" class=\"yoast-schema-graph\">{\"@context\":\"https:\\\/\\\/schema.org\",\"@graph\":[{\"@type\":\"WebPage\",\"@id\":\"https:\\\/\\\/spolecznajedynka.pl\\\/biblioteka\\\/\",\"url\":\"https:\\\/\\\/spolecznajedynka.pl\\\/biblioteka\\\/\",\"name\":\"Strona g\u0142\u00f3wna - Biblioteka Spo\u0142ecznej Jedynki\",\"isPartOf\":{\"@id\":\"https:\\\/\\\/spolecznajedynka.pl\\\/biblioteka\\\/#website\"},\"primaryImageOfPage\":{\"@id\":\"https:\\\/\\\/spolecznajedynka.pl\\\/biblioteka\\\/#primaryimage\"},\"image\":{\"@id\":\"https:\\\/\\\/spolecznajedynka.pl\\\/biblioteka\\\/#primaryimage\"},\"thumbnailUrl\":\"https:\\\/\\\/spolecznajedynka.pl\\\/biblioteka\\\/wp-content\\\/plugins\\\/kingcomposer\\\/assets\\\/images\\\/get_start.jpg\",\"datePublished\":\"2023-10-06T09:48:21+00:00\",\"dateModified\":\"2023-10-09T07:13:40+00:00\",\"breadcrumb\":{\"@id\":\"https:\\\/\\\/spolecznajedynka.pl\\\/biblioteka\\\/#breadcrumb\"},\"inLanguage\":\"pl-PL\",\"potentialAction\":[{\"@type\":\"ReadAction\",\"target\":[\"https:\\\/\\\/spolecznajedynka.pl\\\/biblioteka\\\/\"]}]},{\"@type\":\"ImageObject\",\"inLanguage\":\"pl-PL\",\"@id\":\"https:\\\/\\\/spolecznajedynka.pl\\\/biblioteka\\\/#primaryimage\",\"url\":\"https:\\\/\\\/spolecznajedynka.pl\\\/biblioteka\\\/wp-content\\\/plugins\\\/kingcomposer\\\/assets\\\/images\\\/get_start.jpg\",\"contentUrl\":\"https:\\\/\\\/spolecznajedynka.pl\\\/biblioteka\\\/wp-content\\\/plugins\\\/kingcomposer\\\/assets\\\/images\\\/get_start.jpg\"},{\"@type\":\"BreadcrumbList\",\"@id\":\"https:\\\/\\\/spolecznajedynka.pl\\\/biblioteka\\\/#breadcrumb\",\"itemListElement\":[{\"@type\":\"ListItem\",\"position\":1,\"name\":\"Strona g\u0142\u00f3wna\",\"item\":\"https:\\\/\\\/spolecznajedynka.pl\\\/biblioteka\\\/\"},{\"@type\":\"ListItem\",\"position\":2,\"name\":\"Strona g\u0142\u00f3wna\"}]},{\"@type\":\"WebSite\",\"@id\":\"https:\\\/\\\/spolecznajedynka.pl\\\/biblioteka\\\/#website\",\"url\":\"https:\\\/\\\/spolecznajedynka.pl\\\/biblioteka\\\/\",\"name\":\"Biblioteka Spo\u0142ecznej Jedynki\",\"description\":\"\",\"potentialAction\":[{\"@type\":\"SearchAction\",\"target\":{\"@type\":\"EntryPoint\",\"urlTemplate\":\"https:\\\/\\\/spolecznajedynka.pl\\\/biblioteka\\\/?s={search_term_string}\"},\"query-input\":{\"@type\":\"PropertyValueSpecification\",\"valueRequired\":true,\"valueName\":\"search_term_string\"}}],\"inLanguage\":\"pl-PL\"}]}<\/script>\n<!-- \/ Yoast SEO plugin. -->","yoast_head_json":{"title":"Strona g\u0142\u00f3wna - Biblioteka Spo\u0142ecznej Jedynki","robots":{"index":"index","follow":"follow","max-snippet":"max-snippet:-1","max-image-preview":"max-image-preview:large","max-video-preview":"max-video-preview:-1"},"canonical":"https:\/\/spolecznajedynka.pl\/biblioteka\/","og_locale":"pl_PL","og_type":"article","og_title":"Strona g\u0142\u00f3wna - Biblioteka Spo\u0142ecznej Jedynki","og_description":"The Title Sample Code The Title Poszukiwany dobry tytu\u0142? Poszukiwana interesuj\u0105ca ksi\u0105\u017cka? Poszukiwany ciekawy bohater? Poszukiwana niebanalna fabu\u0142a? Poszukiwany znany...","og_url":"https:\/\/spolecznajedynka.pl\/biblioteka\/","og_site_name":"Biblioteka Spo\u0142ecznej Jedynki","article_modified_time":"2023-10-09T07:13:40+00:00","og_image":[{"url":"https:\/\/spolecznajedynka.pl\/biblioteka\/wp-content\/uploads\/sites\/4\/2023\/10\/biblioteka.jpg","type":"","width":"","height":""}],"twitter_card":"summary_large_image","twitter_misc":{"Szacowany czas czytania":"5 minut"},"schema":{"@context":"https:\/\/schema.org","@graph":[{"@type":"WebPage","@id":"https:\/\/spolecznajedynka.pl\/biblioteka\/","url":"https:\/\/spolecznajedynka.pl\/biblioteka\/","name":"Strona g\u0142\u00f3wna - Biblioteka Spo\u0142ecznej Jedynki","isPartOf":{"@id":"https:\/\/spolecznajedynka.pl\/biblioteka\/#website"},"primaryImageOfPage":{"@id":"https:\/\/spolecznajedynka.pl\/biblioteka\/#primaryimage"},"image":{"@id":"https:\/\/spolecznajedynka.pl\/biblioteka\/#primaryimage"},"thumbnailUrl":"https:\/\/spolecznajedynka.pl\/biblioteka\/wp-content\/plugins\/kingcomposer\/assets\/images\/get_start.jpg","datePublished":"2023-10-06T09:48:21+00:00","dateModified":"2023-10-09T07:13:40+00:00","breadcrumb":{"@id":"https:\/\/spolecznajedynka.pl\/biblioteka\/#breadcrumb"},"inLanguage":"pl-PL","potentialAction":[{"@type":"ReadAction","target":["https:\/\/spolecznajedynka.pl\/biblioteka\/"]}]},{"@type":"ImageObject","inLanguage":"pl-PL","@id":"https:\/\/spolecznajedynka.pl\/biblioteka\/#primaryimage","url":"https:\/\/spolecznajedynka.pl\/biblioteka\/wp-content\/plugins\/kingcomposer\/assets\/images\/get_start.jpg","contentUrl":"https:\/\/spolecznajedynka.pl\/biblioteka\/wp-content\/plugins\/kingcomposer\/assets\/images\/get_start.jpg"},{"@type":"BreadcrumbList","@id":"https:\/\/spolecznajedynka.pl\/biblioteka\/#breadcrumb","itemListElement":[{"@type":"ListItem","position":1,"name":"Strona g\u0142\u00f3wna","item":"https:\/\/spolecznajedynka.pl\/biblioteka\/"},{"@type":"ListItem","position":2,"name":"Strona g\u0142\u00f3wna"}]},{"@type":"WebSite","@id":"https:\/\/spolecznajedynka.pl\/biblioteka\/#website","url":"https:\/\/spolecznajedynka.pl\/biblioteka\/","name":"Biblioteka Spo\u0142ecznej Jedynki","description":"","potentialAction":[{"@type":"SearchAction","target":{"@type":"EntryPoint","urlTemplate":"https:\/\/spolecznajedynka.pl\/biblioteka\/?s={search_term_string}"},"query-input":{"@type":"PropertyValueSpecification","valueRequired":true,"valueName":"search_term_string"}}],"inLanguage":"pl-PL"}]}},"_links":{"self":[{"href":"https:\/\/spolecznajedynka.pl\/biblioteka\/wp-json\/wp\/v2\/pages\/2","targetHints":{"allow":["GET"]}}],"collection":[{"href":"https:\/\/spolecznajedynka.pl\/biblioteka\/wp-json\/wp\/v2\/pages"}],"about":[{"href":"https:\/\/spolecznajedynka.pl\/biblioteka\/wp-json\/wp\/v2\/types\/page"}],"author":[{"embeddable":true,"href":"https:\/\/spolecznajedynka.pl\/biblioteka\/wp-json\/wp\/v2\/users\/2"}],"replies":[{"embeddable":true,"href":"https:\/\/spolecznajedynka.pl\/biblioteka\/wp-json\/wp\/v2\/comments?post=2"}],"version-history":[{"count":6,"href":"https:\/\/spolecznajedynka.pl\/biblioteka\/wp-json\/wp\/v2\/pages\/2\/revisions"}],"predecessor-version":[{"id":62,"href":"https:\/\/spolecznajedynka.pl\/biblioteka\/wp-json\/wp\/v2\/pages\/2\/revisions\/62"}],"wp:attachment":[{"href":"https:\/\/spolecznajedynka.pl\/biblioteka\/wp-json\/wp\/v2\/media?parent=2"}],"curies":[{"name":"wp","href":"https:\/\/api.w.org\/{rel}","templated":true}]}}